 j be s(-6). Suppose j*f = 5*f + 106. Is f prime?
False
Is 335240/17 - (-2 + 2 - -3) a composite number?
False
Suppose -q = -0*q + 4. Let g(d) = -13 + 45*d**2 + 91*d - 91*d. Is g(q) prime?
False
Suppose -10 = 5*o - 50. Suppose 5*b = -o*b + 286. Is b a prime number?
False
Suppose 3*m + 2*m = -4*v + 243, -2*m + 177 = 3*v. Let x = 61 + v. Is x prime?
False
Let i(j) = 104*j + 9 - 6 + 3 - 5. Let v = 6 + -4. Is i(v) a composite number?
True
Let b(y) = -634*y - 79. Is b(-3) a prime number?
True
Let f(c) = 4*c**2 + 2*c - 5. Suppose 5*x + 4*y - 19 = 6*x, 5*x + 133 = y. Let d = x - -18. Is f(d) prime?
False
Let y = -2 + 4. Suppose -373 = -y*f - w, 2*f - 4*w - 173 = f. Is f composite?
True
Let b be -12*(-1 - 238/4). Let k = 431 + b. Is k a prime number?
False
Let i = 115 + -93. Is 13925/55 - 4/i a composite number?
True
Let r = -912 + 2072. Suppose -4*m + r = 4*c, 0 = c - m - 425 + 129. Is c a composite number?
False
Let n(w) = -28*w**2 + 11*w + 17. Let c(j) = -13*j**2 + 6*j + 9. Let s(g) = 13*c(g) - 6*n(g). Let b = 37 - 26. Is s(b) prime?
False
Let k(g) = -g**3 + 4*g**2 - g - 3. Let x be k(3). Suppose 4*y - x*m + 182 = 1360, 3*y - 3*m = 885. Is y composite?
False
Suppose -5*q = -4*d - 22, 0*d = -2*q - 3*d + 18. Let b be q/(24/1700) + 1. Suppose 0*o + 2*o = -8, -o = -2*l + b. Is l composite?
False
Is (36/4 + -10)/(1/(-19841)) a prime number?
True
Suppose 9*r + 22588 - 134539 = 0. Is r a composite number?
True
Suppose 0 = -3*f + b + 10709, 0 = -4*b + 2 + 14. Is f a prime number?
True
Suppose -4*r = 3*g - 1668, 3*r = 3*g - g - 1112. Let s = g + 117. Is s a prime number?
True
Suppose 23*z - 35555 = 42806. Is z composite?
False
Suppose 3*b - 1 = y + 1, -2 = y. Suppose b = 4*o - n - 181 + 48, -4*n + 76 = 3*o. Let i = 99 - o. Is i a composite number?
False
Let o(g) = -64*g - 26. Let p(t) = 64*t + 25. Let d(n) = 6*o(n) + 5*p(n). Is d(-5) composite?
True
Let p = -19 + 22. Let l(a) = 6*a**3 + 5*a**2 - 8*a + 4. Is l(p) composite?
True
Suppose 0 = -s + 79 - 318. Let i be (s/(-2))/((-4)/(-8)). Suppose -4*h + 64 + 90 = 2*y, -3*y + i = -2*h. Is y a prime number?
True
Let u(x) = -x**2 + 3*x + 4. Let j be u(4). Let m(o) = o**2 - 2*o - 8. Let s be m(j). Let g(q) = 6*q**2 + 8*q + 11. Is g(s) a prime number?
True
Let x(c) be the third derivative of -19*c**7/2520 - 11*c**6/720 + c**5/15 - 3*c**2. Let d(m) be the third derivative of x(m). Is d(-8) composite?
False
Suppose -2323 = 9*c - 92026. Is c prime?
True
Suppose -2*o - 4*c + 768 = 0, -o - c = 2*c - 389. Let g = -111 + o. Is g a composite number?
False
Let l(v) = 3*v**2 - 27*v + 1. Let c(s) = 2*s**2 - 14*s + 1. Let d(j) = 5*c(j) - 3*l(j). Let n be d(-14). Suppose 13 + n = 3*t. Is t prime?
True
Suppose 2 = -4*m + 4*p - 2, 3*p - 11 = -m. Suppose m*y - 6*y - 2*d = -2, y = -d. Is (39/6)/(y/2) a composite number?
False
Let m be 44/110 + (-93)/(-5). Is (-4)/(-8)*118*m a prime number?
False
Suppose -5*s + 6 = -3*s. Suppose s*o - 271 = 44. Suppose 0*c = 3*c - o. Is c a prime number?
False
Suppose 7*a = -0*a + 52003. Suppose p - a - 7898 = -5*t, 5*t + 2*p - 15329 = 0. Is t composite?
True
Suppose -5*w - 2*g + 31370 = -29294, 0 = 3*w - 2*g - 36408. Is (-8)/(-32) - w/(-8) composite?
True
Let a(c) = c**3 + 19*c**2 + 11*c - 11. Let w be a(-13). Suppose -121 + w = u. Is u a composite number?
False
Let z(n) = 14*n**2 + 15*n - 7. Let f(o) = -o**3 + 5*o**2 + 7*o + 4. Let c be f(6). Is z(c) composite?
False
Suppose -b = -474 - 99. Suppose b = -0*m + 3*m. Is m a prime number?
True
Let i(u) = 58*u**2 - 14*u - 27. Is i(-8) prime?
True
Let l(w) be the third derivative of -89*w**4/8 + 2*w**3/3 + w**2. Is l(-1) a prime number?
True
Let n = -233 + 660. Is n a composite number?
True
Let q be (8/10)/((-2)/10). Let v(h) be the second derivative of -6*h**3 - 5*h**2/2 + 6*h. Is v(q) a composite number?
False
Let b = -24 - -32. Is (b/(80/2395))/(1/2) composite?
False
Let f be (15/(-6) - -2)*0. Let j(h) = -h**3 + h**2 + h. Let k be j(f). Is (-331)/(4 + -5 - k) prime?
True
Let m = -16 + -140. Let b be 2/9 + (-3085)/(-9). Let n = m + b. Is n a prime number?
False
Is (-186771)/(-52)*(-4)/(-3) prime?
True
Suppose 14 = 3*a - 16. Suppose 5 = 3*h - a. Suppose -4*n = -h*n + 419. Is n prime?
True
Let w = 14889 - -27744. Suppose -6*n - 3*n + w = 0. Is n prime?
False
Is 15/45*(1 - -2858) a prime number?
True
Suppose 71 = -3*u + 86. Suppose -u*o + o = -812. Is o prime?
False
Let y(t) = t**2 + 10*t + 10. Let h be y(-9). Let i be -1*(175 - 2 - h). Let n = 395 + i. Is n a composite number?
False
Suppose 14*k - 9*k = 25. Is 1*1137*k/15 a prime number?
True
Let o(p) = 148*p**2 + p. Suppose -7 = -2*x - 5*b, 3*x - 5*b + b = -1. Let u be (-3 + 2 + 2)*x. Is o(u) a composite number?
False
Let k be 22/(-4*3/(-18)). Let v be (-6)/k - 92/(-22). Suppose 649 = v*y + 77. Is y prime?
False
Is 11461/((-32)/(-8) + -3 + 0) a composite number?
True
Suppose -49*w + 50*w - 306 = -3*c, w - c = 302. Is w a composite number?
True
Let k(h) be the third derivative of 1/6*h**3 + 0*h + 7/5*h**5 - 4*h**2 + 0 + 0*h**4. Is k(-1) composite?
True
Let x(d) = d - 7. Let i be x(8). Let j be -8 - i - (-6)/3. Let t(r) = 4*r**2 - 6*r - 15. Is t(j) prime?
True
Let x be (2 - (680 + 0))/(-2). Let h = x + -116. Is h prime?
True
Let a = 78 + -172. Let o be -2 - a - (5 + -2). Suppose 0*i - i = -o. Is i composite?
False
Let j(z) be the second derivative of -83*z**5/20 - 7*z. Is j(-1) prime?
True
Suppose k = 6*k + 14390. Let a be k/(-10) + 3/15. Suppose 2*j - 690 = -a. Is j a prime number?
False
Let a(b) = b**2 - 4*b + 216. Let o be a(0). Let c = o - 107. Is c prime?
True
Let v be 56*((-1)/(-4) - (-610)/56). Let a = -209 + v. Is a prime?
False
Let z = -11293 - -22092. Is z prime?
True
Let p = 49 + -39. Is 1954/4 - (-5)/p a prime number?
False
Is (-2)/(-15) + ((-69474)/(-45) - 1) a prime number?
True
Let n(h) = 5 + 4*h + 3*h**2 - h**3 - 3*h**2 + 3*h**2. Let r be n(4). Suppose o - a - 1901 = -4*o, r*o - 1913 = -2*a. Is o composite?
True
Let c = 45 - 32. Suppose -567 = -4*t + c. Is t a prime number?
False
Suppose -y = -h + 12747, 2*y + 38237 = 3*h - 0*y. Is h a prime number?
True
Is (-17)/17 + (1 + -3 - -18061) a composite number?
True
Let b(r) = r**2 - 5*r - 6. Let g be b(6). Let c = 7 + g. Is (119/c)/((-1)/(-5)) composite?
True
Let b(u) = -12*u + 6218. Is b(0) prime?
False
Let p(b) = -5*b**2 - 13*b + 7. Let f be p(-6). Let l be 684/f + 2/10. Is 2*(553/(-2))/l prime?
True
Suppose 0 = 5*j - 5*o - 38630, 98*j - 100*j = -4*o - 15458. Is j prime?
True
Let o = -17419 + 42476. Is o a composite number?
False
Suppose -4 = 3*v + 2. Let w be (2/4)/((-1)/v). Let u(h) = 27*h**2 - h. Is u(w) a composite number?
True
Let a(m) = -m**3 - 4*m**2 - 4*m - 6. Let t be a(-4). Suppose -2*f - t + 18 = 0. Suppose 4*q - 1920 = 5*s, s - f*s = 5*q - 2437. Is q a prime number?
False
Suppose 0 = 13*h - 202922 + 54709. Is h a prime number?
False
Suppose -x - x + 14 = 0. Suppose -8*a + x*a = -33. Is a composite?
True
Suppose u = -3*p + 6*u + 2077, 2 = 2*u. Let r = 1193 - p. Let m = r + -356. Is m a prime number?
False
Let u(i) = -2*i + 5. Let h be u(7). Let y = h + 8. Is (y/(-2))/(11/1474) a prime number?
True
Let y(k) = k**3 - 7*k**2 + 5*k + 7. Let b be y(6). Let p(j) = j**2 + j + 1. Let c(h) = 6*h**2 + 4*h - 7. Let n(f) = b*c(f) + 4*p(f). Is n(-7) composite?
False
Let m(a) = 4*a - 31. Let r be m(7). Let q(y) be the third derivative of 19*y**5/60 + y**4/8 + y**3/6 + 4*y**2. Is q(r) prime?
True
Let b be (0/(-1))/(-1) - -72. Suppose d - 483 = -2*d. Let r = d - b. Is r prime?
True
Let a = 1035 - -248. Is a composite?
False
Let l(m) = -2*m**3 - 11*m**2 - 8*m + 8. Let z(n) = -n - 7. Let x be (-16)/4 + (2 - -2). Let c be z(x). Is l(c) composite?
False
Suppose -5*p + 17 = -8. Suppose p*i - 1552 = -227. Is i a prime number?
False
Suppose x = 1 + 1. Let t be (4611/(-116))/(3/(-8)). Suppose x*f = t + 10. Is f a prime number?
False
Let s be (-3)/(-1)*(-4)/(-3). Suppose -s*t + 4*j = 3*j - 17, 2*t - 5*j = 13. Suppose t*p - 177 = 3*p. Is p composite?
True
Let b(x) = 4*x + 8. Let s be b(-6). Let f(w) = w**3 + w**2 - 2*w - 35. Let n be f(0). Let d = s - n. Is d prime?
True
Let u be ((-12)/(-24))/(2/(-4)). Is (2 - 16/u) + 4 a prime number?
False
Let t(h) = -h**2 - 3 - 5*h - 4*h**2 + 0*h**2 - 39*h**3 - 13*h**3. Is t(-3) a composite number?
True
Let d(t) = 